12
In base 6, what is 0 + -52423?
-52423
In base 9, what is 566 - -17?
584
In base 12, what is -2b + 2a53?
2a24
In base 4, what is 323020 - 2?
323012
In base 5, what is -131400 - -24?
-131321
In base 11, what is -1 - -1a99?
1a98
In base 14, what is 779 + d?
788
In base 9, what is -387 + -4?
-402
In base 10, what is -70640 - 4?
-70644
In base 9, what is 5 - -105343?
105348
In base 8, what is -3203 + -154?
-3357
In base 11, what is 2279 + -730?
1649
In base 11, what is a + 10a58a?
10a599
In base 12, what is -415 - -5?
-410
In base 8, what is 2 + -36053?
-36051
In base 7, what is -13235 + -252?
-13520
In base 10, what is 23 - -1495?
1518
In base 10, what is 32 + -356?
-324
In base 10, what is 105282 + -4?
105278
In base 2, what is -1010101110 + 1110?
-1010100000
In base 7, what is -2 + 63363?
63361
In base 14, what is -2a - 0?
-2a
In base 16, what is 4 - -218a6?
218aa
In base 9, what is -2 - -14476?
14474
In base 14, what is 32 - 5063?
-5031
In base 7, what is 4 - -11162?
11166
In base 6, what is 12113440 - 1?
12113435
In base 8, what is -100573 - -2?
-100571
In base 4, what is 133 - 23221?
-23022
In base 5, what is -10230 - 21313?
-32043
In base 6, what is 53 + -4043?
-3550
In base 7, what is 114 + -5510?
-5363
In base 12, what is -2a28 + 8?
-2a20
In base 16, what is 1 - 6578?
-6577
In base 12, what is -2 + 40167?
40165
In base 12, what is -28341 - -1?
-28340
In base 8, what is 1341 - -154?
1515
In base 10, what is 4 + 324389?
324393
In base 7, what is -1 + -66033?
-66034
In base 2, what is -1010111100110 - -100000101?
-1010011100001
In base 7, what is 4336023 - 2?
4336021
In base 7, what is -1553 - 120?
-2003
In base 10, what is -72 - -65?
-7
In base 11, what is -99 - 15606?
-156a4
In base 15, what is 165d - -5?
1663
In base 16, what is be75 - 3?
be72
In base 7, what is -1636 + 14342?
12403
In base 9, what is 107307 + -30?
107267
In base 16, what is -47a4 + -22?
-47c6
In base 6, what is -4 - -3455454?
3455450
In base 13, what is -44 - -104?
90
In base 3, what is -21 - -10102222010?
10102221212
In base 11, what is 510 + 706?
1116
In base 11, what is 530 + 1a81?
2501
In base 13, what is 92 + -396?
-304
In base 3, what is 10200 - 1220022?
-1202122
In base 10, what is 19776 - 9?
19767
In base 2, what is -110000 + 111110101101?
111101111101
In base 4, what is 22 - -13300033?
13300121
In base 6, what is 22243 - 1201?
21042
In base 11, what is 3443 - 32?
3411
In base 8, what is 5 - 10116?
-10111
In base 11, what is 164749 - -4?
164752
In base 7, what is -250255 - 2?
-250260
In base 9, what is -71 - -2085?
2014
In base 2, what is 1111000011011110111001 + 100?
1111000011011110111101
In base 14, what is -3c - 3a05?
-3a43
In base 5, what is -4 + 244331?
244322
In base 14, what is -47ad61 - -3?
-47ad5c
In base 11, what is -3284 - 9?
-3292
In base 7, what is 6522 + -654?
5535
In base 12, what is -219476 + 2?
-219474
In base 12, what is -1 - -9226?
9225
In base 5, what is -20231 - 4310?
-30041
In base 13, what is 2ba41 - -1?
2ba42
In base 5, what is -1141211 + 114?
-1141042
In base 16, what is 1b8 - 5d?
15b
In base 15, what is b7d6 + 15?
b7eb
In base 7, what is 110613 - -21?
110634
In base 4, what is -32 - 201313?
-202011
In base 14, what is 7 + 791?
798
In base 7, what is -11 - 42121?
-42132
In base 16, what is -2 + -11012c?
-11012e
In base 15, what is b + 34242?
3424d
In base 10, what is 663 + 67?
730
In base 4, what is 0 + 1002322?
1002322
In base 5, what is -12100 - -1410?
-10140
In base 7, what is -12 - 3146?
-3161
In base 4, what is 310103311 + 11?
310103322
In base 15, what is -b35 - 474?
-10a9
In base 13, what is 3c1 + -12?
3ac
In base 11, what is a0 - 913?
-823
In base 14, what is -d4a - 1c?
-d68
In base 14, what is 5 + -5d74?
-5d6d
In base 13, what is 83b51 - -2?
83b53
In base 16, what is -af02 - 3?
-af05
In base 9, what is -63303 - -1?
-63302
In base 15, what is 18e61b + 4?
18e620
In base 3, what is 222011 - -1012012?
2011100
In base 11, what is 32 + 12848?
1287a
In base 5, what is 412444 - 0?
412444
In base 11, what is -14 - -33093?
3307a
In base 9, what is -20632 - -3?
-20628
In base 13, what is -1966 - -64?
-1902
In base 10, what is 252594 + -3?
252591
In base 11, what is -2408068 + -3?
-2408070
In base 14, what is 16821 + 0?
16821
In base 16, what is 48 - 2b33?
-2aeb
In base 14, what is -1d6 + 1dac?
1bb6
In base 10, what is 3 + -11146?
-11143
In base 10, what is -3 + 317291?
317288
In base 6, what is 3202331 + -1?
3202330
In base 8, what is 205167 + -2?
205165
In base 12, what is 1041 - -37?
1078
In base 12, what is 274 + -119?
157
In base 13, what is 88921 - -6?
88927
In base 13, what is -1cb - 4b37?
-5035
In base 5, what is -200132 + -2?
-200134
In base 15, what is 2537 - -15?
254c
In base 15, what is 5a7e - 5?
5a79
In base 16, what is 15f - 18?
147
In base 13, what is 3299 - -c?
32a8
In base 8, what is 16 + 5453?
5471
In base 5, what is -43 + 3140311?
3140213
In base 12, what is -220231 - -3?
-22022a
In base 15, what is -16e80 + d?
-16e72
In base 14, what is 4 + 41dd0?
41dd4
In base 14, what is 1716 - -25?
173b
In base 15, what is -4 + 93779?
93775
In base 13, what is 15b0 - 2a?
1583
In base 5, what is -211 - -1031001?
1030240
In base 6, what is 32 + 22420?
22452
In base 5, what is -43 - -21403?
21310
In base 7, what is -3 + -120505?
-120511
In base 15, what is -dbc36 + 5?
-dbc31
In base 13, what is -1 - 3ba3?
-3ba4
In base 13, what is a635 - 26?
a60c
In base 9, what is 77 + 228?
316
In base 13, what is 16b + -b5?
86
In base 6, what is -5 + 540124?
540115
In base 8, what is -4664 + 22?
-4642
In base 11, what is -3 - -99966?
99963
In base 11, what is 0 + -780?
-780
In base 14, what is 3 + 90830?
90833
In base 14, what is -1ad + -3ab?
-57a
In base 3, what is 211201010 + -22111?
211101122
In base 9, what is 8 + -50425?
-50416
In base 14, what is -3 - 86138?
-8613b
In base 12, what is -2 - -2672a9?
2672a7
In base 6, what is -130 + -201512?
-202042
In base 6, what is -41223 - -5?
-41214
In base 4, what is -3 - 1031012123?
-1031012132
In base 9, what is 6476 + 203?
6680
In base 7, what is 3 + -54551?
-54545
In base 8, what is 47 - 3145?
-3076
In base 14, what is -d5a - -6d?
-ccb
In base 10, what is -2 - -23508?
23506
In base 9, what is -73077 - 2?
-73080
In base 5, what is 0 + 1012012?
1012012
In base 9, what is -548172 + -4?
-548176
In base 6, what is -15223300 + 5?
-15223251
In base 7, what is -1166600 - -3?
-1166564
In base 7, what is -33300 - -4?
-33263
In base 5, what is 12032210 + -4?
12032201
In base 2, what is 11110011 - 101110010000101?
-101101110010010
In base 9, what is -3011740 - -3?
-3011736
In base 4, what is -10312 + 11233?
321
In base 5, what is 24321 + -342?
23424
In base 3, what is 100 + -21002202002?
-21002201202
In base 7, what is -603 + 1100?
164
In base 9, what is -51 - -37247?
37186
In base 12, what is -5 - 14a869?
-14a872
In base 13, what is -4 - -32a72?
32a6b
In base 13, what is -18bca - 4?
-18c01
In base 3, what is -2001122021 - 0?
-2001122021
In base 11, what is 74128 - 8?
74120
In base 14, what is 699b6c + -2?
699b6a
In base 15, what is 22d - 52?
1cb
In base 10, what is 769 + -70?
699
In base 5, what is 31312 - 1014?
30243
In base 15, what is -9451e - -2?
-9451c
In base 3, what is 2000201 + -210202?
1012222
In base 9, what is 5 + -127161?
-127155
In base 14, what is 44b - -65?
4b2
In base 8, what is -5 - 160223?
-160230
In base 14, what is -7 - 98a42?
-98a49
In base 8, what is 32446 - 2?
32444
In base 10, what is -12 - 52325?
-52337
In base 3, what is -12110112221 + -122?
-12110120120
In base 13, what is 14 - -1419?
1430
In base 2, what is -110100 + -1000110110000?
-1000111100100
In base 16, what is 887e - -2?
8880
In base 9, what is -55013 - 3?
-55016
In base 3, what is -211121 - 211?
-212102
In base 13, what is 19 - 1457?
-143b
In base 16, what is 575a + -3?
5757
In base 5, what is -213032 + 11?
-213021
In base 11, what is 5 + -31073?
-31069
In base 11, what is 901078 + -4?
901074
In base 2, what is 101 - -1001101011111?
1001101100100
In base 4, what is -131222 + 133?
-131023
In base 16, what is -2509f - 9?
-250a8
In base 14, what is -1168 - -16?
-1152
In base 5, what is 22032 + 3233?
30320
In base 10, what is -1 - 40300?
-40301
In base 4, what is 1 + 3301303?
3301310
In base 9, what is 373522 - -4?
373526
In ba